{"id":35,"date":"2015-09-21T15:09:47","date_gmt":"2015-09-21T15:09:47","guid":{"rendered":"http:\/\/www.heavensguardian.com.br\/?page_id=35"},"modified":"2025-11-30T22:27:32","modified_gmt":"2025-11-30T22:27:32","slug":"discography","status":"publish","type":"page","link":"https:\/\/www.heavensguardian.com.br\/index.php\/discography\/","title":{"rendered":"Discography"},"content":{"rendered":"<p>&nbsp;<\/p>\n<table>\n<tbody>\n<tr>\n<td colspan=\"2\">\n<h2 style=\"text-align: center;\">CDs<\/h2>\n<p><!--\n\n\n\n<hr \/>\n\n\n\n--><\/td>\n<\/tr>\n<tr>\n<td width=\"25%\"><img loading=\"lazy\" decoding=\"async\" class=\"aligncenter wp-image-3084 \" src=\"https:\/\/www.heavensguardian.com.br\/wp-content\/uploads\/2023\/03\/Chronos.jpeg\" alt=\"\" width=\"324\" height=\"304\" \/><\/td>\n<td width=\"75%\"><strong><span style=\"font-size: small;\"><span style=\"font-size: small;\">Album: Chronos.<br \/>\nYear: 2023.<br \/>\nRecorded at: Fuel Music Studio: California, USA. Fantom Studio: Goiania, Goias, Brazil. Teatro Centro Cultural UFG: Goiania, Goias, Brazil. Teatro Assembleia Legislativa de Goias: Goiania, Goias, Brazil.<br \/>\nMixed at: Fuel Music Studio: California, USA.<br \/>\nMastered at: Brendan Duffey Audio Studio: Florida, USA.<br \/>\nReleased by: Sleaszy Rider Records.<br \/>\nLine Up: Carlos Zema &amp; Natalia Sarsg\u00e5rd (Vocals), Ericsson Marin (Guitar &amp; Cello), Luiz Maur\u00edcio (Guitar), Everton Marin (Keyboards), Murilo Ramos (Bass), Francis Cassol (Drums).<\/span><\/span><\/strong><strong><span style=\"font-size: small;\"><span style=\"font-size: small;\"><br \/>\nSpecial guests: Goias Youth Symphony Orchestra &amp; Choir.<br \/>\nTracks: 1. Tempus, 2. The Sirens of the Past, 3. General of Peace, 4. Valhalla Call, 5. Tristan and Isolde, 6. Sail Away, 7. The Color of Injustice, 8. Home of Time, 9. Wall of Shame, 10. The Fall of the Empire, 11. Artificial Times,\u00a012. Drowning Land.<\/span><\/span><\/strong><\/td>\n<\/tr>\n<tr>\n<td width=\"25%\"><img decoding=\"async\" src=\"https:\/\/www.heavensguardian.com.br\/wp-content\/uploads\/2024\/02\/brazil_flag.png\" width=\"10%\" \/><strong><a href=\"https:\/\/heavensguardian.lojavirtualnuvem.com.br\/produtos\/cd-chronos\/\" target=\"_blank\" rel=\"noopener noreferrer\"><span style=\"color: yellow; font-size: small;\"> Buy\u00a0in Brazil &#8211; (HG Store)<\/span><\/a><\/strong><br \/>\n<img decoding=\"async\" src=\"https:\/\/www.heavensguardian.com.br\/wp-content\/uploads\/2024\/02\/euro2.png\" width=\"10%\" \/><strong><a href=\"https:\/\/sleaszyrider.com\/product\/heavens-guardian-chronos-sr-0327\/\" target=\"_blank\" rel=\"noopener noreferrer\"><span style=\"color: yellow; font-size: small;\"> Buy Worldwide &#8211; (Sleaszy Rider Rec.)<\/span><\/a><\/strong><\/td>\n<\/tr>\n<tr>\n<td width=\"25%\"><img loading=\"lazy\" decoding=\"async\" class=\"aligncenter wp-image-1798 \" src=\"https:\/\/www.heavensguardian.com.br\/wp-content\/uploads\/2020\/04\/Capa_CD-969x1024.jpg\" alt=\"\" width=\"316\" height=\"334\" srcset=\"https:\/\/www.heavensguardian.com.br\/wp-content\/uploads\/2020\/04\/Capa_CD-969x1024.jpg 969w, https:\/\/www.heavensguardian.com.br\/wp-content\/uploads\/2020\/04\/Capa_CD-284x300.jpg 284w, https:\/\/www.heavensguardian.com.br\/wp-content\/uploads\/2020\/04\/Capa_CD-768x811.jpg 768w, https:\/\/www.heavensguardian.com.br\/wp-content\/uploads\/2020\/04\/Capa_CD.jpg 1419w\" sizes=\"auto, (max-width: 316px) 100vw, 316px\" \/><\/td>\n<td width=\"75%\"><strong><span style=\"font-size: small;\"><span style=\"font-size: small;\">Album: Heaven&#8217;s Guardian and Youth Symphonic Orchestra of Goi\u00e1s. Live at Goi\u00e2nia Theater (Digipak double CD).<br \/>\nYear: 2020.<br \/>\nLive Recorded by Up-Music (Goi\u00e2nia Brazil).<br \/>\nMixed and Mastered in Mr.Som (S\u00e3o Paulo-Brazil) assisted by Geovani Maia at Fantom Studio (Goi\u00e2nia Brazil).<br \/>\nPost-production by Josh Lopez (WidowMaker Studios)<br \/>\nReleased by: MegaHard Records.<br \/>\nLine Up: Carlos Zema &amp; Ol\u00edvia Bayer (Vocals), Ericsson Marin (Guitar &amp; Cello), Luiz Maur\u00edcio (Guitar), Everton Marin (Keyboards), Murilo Ramos (Bass), Fellipe Roso (Drums).<br \/>\nSpecial Guest on Drums: Ricardo Confessori.<br \/>\nSpecial Appearances: Al\u00edrio Netto &amp; Eduardo Ardanuy.<br \/>\nTracks:\u00a01. Intro,\u00a02. Dream,\u00a03. Strength,\u00a04. Screams of 1964,\u00a05. Holy Sky,\u00a06. Time,\u00a07. Fantasy,\u00a08. Master of Streets,\u00a09. War, 10. Silence, 11. Journey, \u00a012. The Best (Tina Turner Cover), \u00a013. Hope, \u00a014. Fighters, \u00a015. Neverland, \u00a016. Freedom.<\/span><\/span><\/strong><\/td>\n<\/tr>\n<tr>\n<td width=\"25%\"><img decoding=\"async\" src=\"https:\/\/www.heavensguardian.com.br\/wp-content\/uploads\/2024\/02\/brazil_flag.png\" width=\"10%\" \/><strong><a href=\"https:\/\/heavensguardian.lojavirtualnuvem.com.br\/produtos\/digipak-double-cd-live-at-goiania-theater\/\" target=\"_blank\" rel=\"noopener noreferrer\"><span style=\"color: yellow; font-size: small;\"> Buy\u00a0in Brazil &#8211; (HG Store)<\/span><\/a><\/strong><\/td>\n<\/tr>\n<tr>\n<td width=\"25%\"><img loading=\"lazy\" decoding=\"async\" class=\"alignnone wp-image-188\" src=\"https:\/\/www.heavensguardian.com.br\/wp-content\/uploads\/2015\/09\/cropped-HEAVENS-GUARDIAN-Signs-CD-2015-Brazilian-Power-Metal1-296x300.jpg\" width=\"329\" height=\"333\" srcset=\"https:\/\/www.heavensguardian.com.br\/wp-content\/uploads\/2015\/09\/cropped-HEAVENS-GUARDIAN-Signs-CD-2015-Brazilian-Power-Metal1-296x300.jpg 296w, https:\/\/www.heavensguardian.com.br\/wp-content\/uploads\/2015\/09\/cropped-HEAVENS-GUARDIAN-Signs-CD-2015-Brazilian-Power-Metal1-768x778.jpg 768w, https:\/\/www.heavensguardian.com.br\/wp-content\/uploads\/2015\/09\/cropped-HEAVENS-GUARDIAN-Signs-CD-2015-Brazilian-Power-Metal1-1011x1024.jpg 1011w, https:\/\/www.heavensguardian.com.br\/wp-content\/uploads\/2015\/09\/cropped-HEAVENS-GUARDIAN-Signs-CD-2015-Brazilian-Power-Metal1-100x100.jpg 100w, https:\/\/www.heavensguardian.com.br\/wp-content\/uploads\/2015\/09\/cropped-HEAVENS-GUARDIAN-Signs-CD-2015-Brazilian-Power-Metal1.jpg 2000w\" sizes=\"auto, (max-width: 329px) 100vw, 329px\" \/><\/td>\n<td align=\"left\" width=\"80%\"><strong><span style=\"font-size: small;\">Album: Signs.<br \/>\nYear: 2016.<br \/>\nRecorded, Mixed and Mastered in S\u00e3o Paulo (Brazil).<br \/>\nProducer: Marcello Pompeu (Mr. Som).<br \/>\nReleased by: MegaHard Records.<br \/>\nLine Up: Ol\u00edvia Bayer &amp; Fl\u00e1vio Lima (Vocals), Ericsson Marin &amp; Luiz Maur\u00edcio (Guitars), Murilo Ramos (Bass), Everton Marin (Keyboards),\u00a0Arthur Albuquerque (Drums).<br \/>\nTracks: 1. Religion, 2. Time, 3. Strength, 4. Journey, 5. Fantasy, 6. Dream, 7. Change, 8. Passage, 9. War, 10. Silence.<\/span><\/strong><\/td>\n<\/tr>\n<tr>\n<td width=\"25%\"><img decoding=\"async\" src=\"https:\/\/www.heavensguardian.com.br\/wp-content\/uploads\/2024\/02\/brazil_flag.png\" width=\"10%\" \/><strong><a href=\"https:\/\/heavensguardian.lojavirtualnuvem.com.br\/produtos\/cd-signs\/\" target=\"_blank\" rel=\"noopener noreferrer\"><span style=\"color: yellow; font-size: small;\"> Buy\u00a0in Brazil &#8211; (HG Store)<\/span><\/a><\/strong><br \/>\n<img decoding=\"async\" src=\"https:\/\/www.heavensguardian.com.br\/wp-content\/uploads\/2024\/02\/euro2.png\" width=\"10%\" \/><strong><a href=\"http:\/\/www.puresteel-records.com\/\" target=\"_blank\" rel=\"noopener noreferrer\"><span style=\"color: yellow; font-size: small;\"> Buy\u00a0Worldwide &#8211; (Pure Steel Records)<\/span><\/a><\/strong><\/td>\n<\/tr>\n<tr>\n<td colspan=\"2\">\n<h2 style=\"text-align: center;\"><\/h2>\n<p><!--\n\n\n\n<hr \/>\n\n\n\n--><\/td>\n<\/tr>\n<tr>\n<td width=\"25%\"><img loading=\"lazy\" decoding=\"async\" class=\"alignnone wp-image-548 size-medium\" src=\"https:\/\/www.heavensguardian.com.br\/wp-content\/uploads\/2017\/01\/Capa_Cd3grd-300x300.jpg\" width=\"300\" height=\"300\" srcset=\"https:\/\/www.heavensguardian.com.br\/wp-content\/uploads\/2017\/01\/Capa_Cd3grd-300x300.jpg 300w, https:\/\/www.heavensguardian.com.br\/wp-content\/uploads\/2017\/01\/Capa_Cd3grd-150x150.jpg 150w, https:\/\/www.heavensguardian.com.br\/wp-content\/uploads\/2017\/01\/Capa_Cd3grd.jpg 545w\" sizes=\"auto, (max-width: 300px) 100vw, 300px\" \/><\/td>\n<td width=\"75%\"><strong><span style=\"font-size: small;\">Album: D.O.L.L.<br \/>\n<\/span><span style=\"font-size: small;\">Year: 2004.<br \/>\nRecorded, Mixed and Mastered in Goi\u00e2nia (Brazil).<br \/>\nProducer: Paulo Anhaia (Up Music).<br \/>\nReleased by: MegaHard Records.<br \/>\nLine Up: Carlos Zema (Vocals), Ericsson Marin &amp; Luiz Maur\u00edcio (Guitars), Murilo Rassi (Bass), Alexandre Salino (K\u00e3o) (Drums).<br \/>\nTracks: 1. Killing Night, 2. World&#8217;s Destiny, 3. D.O.L.L., 4. Slaves of Reality, 5. The Answer, 6. Souls of the Gates, 7. Screams of 1964, 8. Holy Sky, 9. Illusions, 10. Hypocrisy, 11. Just Rules, 12. Master of Streets.<\/span><\/strong><\/td>\n<\/tr>\n<tr>\n<td colspan=\"2\"><strong><span style=\"color: red; font-size: small;\">Sold out<\/span><\/strong><\/td>\n<\/tr>\n<tr>\n<td colspan=\"2\">\n<h2 style=\"text-align: center;\"><\/h2>\n<p><!--\n\n\n\n<hr \/>\n\n\n\n--><\/td>\n<\/tr>\n<tr>\n<td width=\"25%\"><img loading=\"lazy\" decoding=\"async\" class=\"alignnone wp-image-62\" src=\"https:\/\/www.heavensguardian.com.br\/wp-content\/uploads\/2015\/09\/HEAVENS-GUARDIAN_Strava-CD_Brazilian-Power-Metal1-300x300.jpg\" width=\"300\" height=\"300\" srcset=\"https:\/\/www.heavensguardian.com.br\/wp-content\/uploads\/2015\/09\/HEAVENS-GUARDIAN_Strava-CD_Brazilian-Power-Metal1-300x300.jpg 300w, https:\/\/www.heavensguardian.com.br\/wp-content\/uploads\/2015\/09\/HEAVENS-GUARDIAN_Strava-CD_Brazilian-Power-Metal1-150x150.jpg 150w, https:\/\/www.heavensguardian.com.br\/wp-content\/uploads\/2015\/09\/HEAVENS-GUARDIAN_Strava-CD_Brazilian-Power-Metal1.jpg 550w\" sizes=\"auto, (max-width: 300px) 100vw, 300px\" \/><\/td>\n<td width=\"75%\"><strong><span style=\"font-size: small;\">Album: Strava.<br \/>\nYear: 2001.<br \/>\nRecorded, Mixed and Mastered in Bras\u00edlia (Brazil).<br \/>\nProducer: James Castro (Zen Studios).<br \/>\nReleased by: MegaHard Records.<br \/>\nLine Up: Carlos Zema (Vocals), Ericsson Marin &amp; Luiz Maur\u00edcio (Guitars), Murilo Rassi (Bass), Alexandre Salino (K\u00e3o) (Drums).<br \/>\nTracks: 1. Last Breath, 2. Castle of War, 3. Raising, 4. Fighters, 5. Behind the Smiles, 6. Strava, 7. Freedom, 8. Peace Keeper, 9. Hope, 10. Enough.<\/span><\/strong><\/td>\n<\/tr>\n<tr>\n<td colspan=\"2\"><img decoding=\"async\" src=\"https:\/\/www.heavensguardian.com.br\/wp-content\/uploads\/2024\/02\/brazil_flag.png\" width=\"2.4%\" \/><strong><a href=\"https:\/\/megahardprogressive.com.br\/product\/heavens-guardian-strava-cd-brazilian-heavy-power-metal-close-to-judas-priest-helloween-iron-maiden-lacrado\/\" target=\"_blank\" rel=\"noopener noreferrer\"><span style=\"color: yellow; font-size: small;\"> Buy\u00a0in Brazil &#8211; (Megahard Records)<\/span><\/a><\/strong><\/td>\n<\/tr>\n<tr>\n<td colspan=\"2\">\n<h2 style=\"text-align: center;\"><\/h2>\n<p><!--\n\n\n\n<hr \/>\n\n\n\n--><\/td>\n<\/tr>\n<tr>\n<td width=\"25%\"><img loading=\"lazy\" decoding=\"async\" class=\"alignnone size-medium wp-image-543\" src=\"https:\/\/www.heavensguardian.com.br\/wp-content\/uploads\/2017\/01\/Capa_Cd1grd-294x300.jpg\" alt=\"\" width=\"294\" height=\"300\" srcset=\"https:\/\/www.heavensguardian.com.br\/wp-content\/uploads\/2017\/01\/Capa_Cd1grd-294x300.jpg 294w, https:\/\/www.heavensguardian.com.br\/wp-content\/uploads\/2017\/01\/Capa_Cd1grd.jpg 549w\" sizes=\"auto, (max-width: 294px) 100vw, 294px\" \/><\/td>\n<td width=\"75%\"><strong><span style=\"font-size: small;\">Album: Roll of Thunder.<br \/>\nYear: 1999.<br \/>\nRecorded, Mixed and Mastered in Goi\u00e2nia (Brazil).<br \/>\nProducer: Anderson RoboCop (Up Music).<br \/>\nReleased by: Heaven&#8217;s Guardian.<br \/>\nLine Up: Carlos Zema (Vocals), Ericsson Marin &amp; Luiz Maur\u00edcio (Guitars), Fabiano Aquila (Bass), Alexandre Salino (K\u00e3o) (Drums).<br \/>\nTracks: 1. Breathing, 2. Roll of Thunder, 3. The Angels of the Lost Star, 4. Neverland.<\/span><\/strong><\/td>\n<\/tr>\n<tr>\n<td colspan=\"2\"><strong><span style=\"color: red; font-size: small;\">Sold out<\/span><\/strong><\/td>\n<\/tr>\n<tr>\n<td colspan=\"2\">\n<h2 style=\"text-align: center;\"><\/h2>\n<p><!--\n\n\n\n<hr \/>\n\n\n\n--><\/td>\n<\/tr>\n<tr>\n<td colspan=\"2\">\n<h2 style=\"text-align: center;\"><\/h2>\n<h2 style=\"text-align: center;\">LPs<\/h2>\n<p><!--\n\n\n\n<hr \/>\n\n\n\n--><\/td>\n<\/tr>\n<tr>\n<td width=\"25%\"><img loading=\"lazy\" decoding=\"async\" class=\"aligncenter wp-image-3084 \" src=\"https:\/\/www.heavensguardian.com.br\/wp-content\/uploads\/2023\/03\/Chronos.jpeg\" alt=\"\" width=\"324\" height=\"304\" \/><\/td>\n<td width=\"75%\"><strong><span style=\"font-size: small;\"><span style=\"font-size: small;\">Album: Chronos.<br \/>\nYear: 2023.<br \/>\nRecorded at: Fuel Music Studio: California, USA. Fantom Studio: Goiania, Goias, Brazil. Teatro Centro Cultural UFG: Goiania, Goias, Brazil. Teatro Assembleia Legislativa de Goias: Goiania, Goias, Brazil.<br \/>\nMixed at: Fuel Music Studio: California, USA.<br \/>\nMastered at: Brendan Duffey Audio Studio: Florida, USA.<br \/>\nReleased by: Sleaszy Rider Records.<br \/>\nLine Up: Carlos Zema &amp; Natalia Sarsg\u00e5rd (Vocals), Ericsson Marin (Guitar &amp; Cello), Luiz Maur\u00edcio (Guitar), Everton Marin (Keyboards), Murilo Ramos (Bass), Francis Cassol (Drums).<\/span><\/span><\/strong><strong><span style=\"font-size: small;\"><span style=\"font-size: small;\"><br \/>\nSpecial guests: Goias Youth Symphony Orchestra &amp; Choir.<br \/>\nTracks: Side A: 1. The Sirens of the Past, 2. General of Peace, 3. Tristan and Isolde, 4. The Color of Injustice. Side B: 1. Home of Time, 2. Wall of Shame, 3. Artificial Times, 4. Drowning Land.<\/span><\/span><\/strong><\/td>\n<\/tr>\n<tr>\n<td width=\"25%\"><img decoding=\"async\" src=\"https:\/\/www.heavensguardian.com.br\/wp-content\/uploads\/2024\/02\/brazil_flag.png\" width=\"10%\" \/><strong><a href=\"https:\/\/heavensguardian.lojavirtualnuvem.com.br\/produtos\/lp-chronos\/\" target=\"_blank\" rel=\"noopener noreferrer\"><span style=\"color: yellow; font-size: small;\"> Buy\u00a0in Brazil &#8211; (HG Store)<\/span><\/a><\/strong><br \/>\n<img decoding=\"async\" src=\"https:\/\/www.heavensguardian.com.br\/wp-content\/uploads\/2024\/02\/euro2.png\" width=\"10%\" \/><strong><a href=\"https:\/\/sleaszyrider.com\/product\/heavens-guardian-chronos-sr-0327-lp-lmtd-300-copies-vinyl-pre-order\/\" target=\"_blank\" rel=\"noopener noreferrer\"><span style=\"color: yellow; font-size: small;\"> Buy Worldwide &#8211; (Sleaszy Rider Rec.)<\/span><\/a><\/strong><\/td>\n<\/tr>\n<tr>\n<td colspan=\"2\">&nbsp;<\/p>\n<h2 style=\"text-align: center;\"><\/h2>\n<h2 style=\"text-align: center;\">DVDs<\/h2>\n<p><!--\n\n\n\n<hr \/>\n\n\n\n--><\/td>\n<\/tr>\n<tr>\n<td width=\"25%\"><img loading=\"lazy\" decoding=\"async\" class=\"alignnone wp-image-1259 \" src=\"https:\/\/www.heavensguardian.com.br\/wp-content\/uploads\/2019\/01\/Capa_DVD-207x300.jpg\" alt=\"\" width=\"291\" height=\"422\" srcset=\"https:\/\/www.heavensguardian.com.br\/wp-content\/uploads\/2019\/01\/Capa_DVD-207x300.jpg 207w, https:\/\/www.heavensguardian.com.br\/wp-content\/uploads\/2019\/01\/Capa_DVD-768x1112.jpg 768w, https:\/\/www.heavensguardian.com.br\/wp-content\/uploads\/2019\/01\/Capa_DVD-707x1024.jpg 707w, https:\/\/www.heavensguardian.com.br\/wp-content\/uploads\/2019\/01\/Capa_DVD.jpg 1582w\" sizes=\"auto, (max-width: 291px) 100vw, 291px\" \/><\/td>\n<td width=\"75%\"><strong><span style=\"font-size: small;\"><span style=\"font-size: small;\">DVD: Heaven&#8217;s Guardian and Youth Symphonic Orchestra of Goi\u00e1s. Live at Goi\u00e2nia Theater.<br \/>\nYear: 2019.<br \/>\nVideo Recording Directed by Italo Yure, Edited by Calango Film.<br \/>\nDVD final edition and menu design by Raul Ledes and Diogo Moreira.<br \/>\nLive Recorded by Up-Music (Goi\u00e2nia Brazil).<br \/>\nMixed and Mastered in Mr.Som (S\u00e3o Paulo-Brazil) assisted by Geovani Maia at Fantom Studio (Goi\u00e2nia Brazil).<br \/>\nPost-production by Josh Lopez (WidowMaker Studios)<br \/>\nExecutive Producer: TopLink.<br \/>\nReleased by: MegaHard Records.<br \/>\nLine Up: Carlos Zema &amp; Ol\u00edvia Bayer (Vocals), Ericsson Marin (Guitar &amp; Cello), Luiz Maur\u00edcio (Guitar), Everton Marin (Keyboards), Murilo Ramos (Bass), Fellipe Roso (Drums).<br \/>\nSpecial Guest on Drums: Ricardo Confessori.<br \/>\nSpecial Appearances: Al\u00edrio Netto &amp; Eduardo Ardanuy.<br \/>\nTracks:\u00a01. Intro,\u00a02. Dream,\u00a03. Strength,\u00a04. Screams of 1964,\u00a05. Holy Sky,\u00a06. Time,\u00a07. Fantasy,\u00a08. Master of Streets,\u00a09. War, 10. Silence, 11. Journey, \u00a012. The Best (Tina Turner Cover), \u00a013. Hope, \u00a014. Fighters, \u00a015. Neverland, \u00a016. Freedom.<\/span><\/span><\/strong><\/td>\n<\/tr>\n<tr>\n<td colspan=\"2\"><img decoding=\"async\" src=\"https:\/\/www.heavensguardian.com.br\/wp-content\/uploads\/2024\/02\/brazil_flag.png\" width=\"2.4%\" \/><strong><a href=\"https:\/\/heavensguardian.lojavirtualnuvem.com.br\/produtos\/dvd-live-at-goiania-theater\/\" target=\"_blank\" rel=\"noopener noreferrer\"><span style=\"color: yellow; font-size: small;\"> Buy\u00a0in Brazil &#8211; (HG Store)<\/span><\/a><\/strong><\/td>\n<\/tr>\n<tr>\n<td width=\"25%\"><img loading=\"lazy\" decoding=\"async\" class=\"alignnone wp-image-409 \" src=\"https:\/\/www.heavensguardian.com.br\/wp-content\/uploads\/2016\/12\/capa_dvd_hg-209x300.jpg\" alt=\"\" width=\"292\" height=\"419\" srcset=\"https:\/\/www.heavensguardian.com.br\/wp-content\/uploads\/2016\/12\/capa_dvd_hg-209x300.jpg 209w, https:\/\/www.heavensguardian.com.br\/wp-content\/uploads\/2016\/12\/capa_dvd_hg-768x1101.jpg 768w, https:\/\/www.heavensguardian.com.br\/wp-content\/uploads\/2016\/12\/capa_dvd_hg-714x1024.jpg 714w, https:\/\/www.heavensguardian.com.br\/wp-content\/uploads\/2016\/12\/capa_dvd_hg.jpg 1491w\" sizes=\"auto, (max-width: 292px) 100vw, 292px\" \/><\/td>\n<td width=\"75%\"><strong><span style=\"font-size: small;\">DVD(CD): X Years On The Road. Live at Gyn Arena.<br \/>\nYear: 2007.<br \/>\nRecorded, Mixed and Mastered in Goi\u00e2nia (Brazil).<br \/>\nProducer: Gustavo Vazquez (Audio-RockLab), Leandro Mac (Video).<br \/>\nReleased by: MegaHard Records.<br \/>\nLine Up: Carlos Zema (Vocals), Ericsson Marin &amp; Luiz Maur\u00edcio (Guitars), Jorge Sampaio (Bass), Paulo Martins (Paulera) (Drums).<br \/>\nTracks:\u00a01. Intro,\u00a02. Screams Of 1964,\u00a03. Killing Night,\u00a04. Fighters,\u00a05. Souks Of The Gates,\u00a06. Illusions,\u00a07. Master Of Streets,\u00a08. D.O.L.L.,\u00a09. Neverland, 10. Extras, 11. Videos, \u00a012. Photo Gallery.<\/span><\/strong><\/td>\n<\/tr>\n<tr>\n<td colspan=\"2\"><img decoding=\"async\" src=\"https:\/\/www.heavensguardian.com.br\/wp-content\/uploads\/2024\/02\/brazil_flag.png\" width=\"2.4%\" \/><strong><a href=\"https:\/\/heavensguardian.lojavirtualnuvem.com.br\/produtos\/dvd-cd-x-years-on-the-road-live-at-gyn-arena\/\" target=\"_blank\" rel=\"noopener noreferrer\"><span style=\"color: yellow; font-size: small;\"> Buy\u00a0in Brazil &#8211; (HG Store)<\/span><\/a><\/strong><\/td>\n<\/tr>\n<\/tbody>\n<\/table>\n","protected":false},"excerpt":{"rendered":"<p>&nbsp; CDs Album: Chronos. Year: 2023. Recorded at: Fuel Music Studio: California, USA. Fantom Studio: Goiania, Goias, Brazil. Teatro Centro Cultural UFG: Goiania, Goias, Brazil. Teatro Assembleia Legislativa de Goias: Goiania, Goias, Brazil. Mixed at: Fuel Music Studio: California, USA. Mastered at: Brendan Duffey Audio <span class=\"read-more\"><a class=\"more-link btn btn-transparent\" href=\"https:\/\/www.heavensguardian.com.br\/index.php\/discography\/\">Read More &#8230;<\/a><\/span><\/p>\n","protected":false},"author":1,"featured_media":0,"parent":0,"menu_order":15,"comment_status":"closed","ping_status":"closed","template":"","meta":{"h5ap_radio_sources":[],"footnotes":""},"class_list":["post-35","page","type-page","status-publish","hentry"],"_links":{"self":[{"href":"https:\/\/www.heavensguardian.com.br\/index.php\/wp-json\/wp\/v2\/pages\/35","targetHints":{"allow":["GET"]}}],"collection":[{"href":"https:\/\/www.heavensguardian.com.br\/index.php\/wp-json\/wp\/v2\/pages"}],"about":[{"href":"https:\/\/www.heavensguardian.com.br\/index.php\/wp-json\/wp\/v2\/types\/page"}],"author":[{"embeddable":true,"href":"https:\/\/www.heavensguardian.com.br\/index.php\/wp-json\/wp\/v2\/users\/1"}],"replies":[{"embeddable":true,"href":"https:\/\/www.heavensguardian.com.br\/index.php\/wp-json\/wp\/v2\/comments?post=35"}],"version-history":[{"count":276,"href":"https:\/\/www.heavensguardian.com.br\/index.php\/wp-json\/wp\/v2\/pages\/35\/revisions"}],"predecessor-version":[{"id":3597,"href":"https:\/\/www.heavensguardian.com.br\/index.php\/wp-json\/wp\/v2\/pages\/35\/revisions\/3597"}],"wp:attachment":[{"href":"https:\/\/www.heavensguardian.com.br\/index.php\/wp-json\/wp\/v2\/media?parent=35"}],"curies":[{"name":"wp","href":"https:\/\/api.w.org\/{rel}","templated":true}]}}